- -211. Let y be (-91)/6 + 12/j. Is 3 - ((-345)/y)/(2/(-164)) a composite number?
False
Let q(b) = 5*b**2 - 66*b - 61. Let t be q(28). Suppose -5*l + 3*x - 172 = -1222, -3*l = 3*x - 630. Let m = t - l. Is m prime?
True
Let d(p) = 361*p**2 - 126*p - 12. Let s(j) = -1085*j**2 + 379*j + 34. Let u(v) = 7*d(v) + 2*s(v). Is u(9) a composite number?
True
Let n(l) = 125*l + 84. Let k be n(-8). Let t = 1817 + k. Is t a prime number?
False
Let o = 1 + -2. Let i be -13*(-7 + 3) + (o - -1). Let j = 247 + i. Is j composite?
True
Suppose 37044 = 11*u + 10*u. Let y = u + 1235. Is y composite?
False
Suppose 36*h = 39*h - 9. Suppose 0 = -h*d - 13 + 6622. Is d a prime number?
True
Suppose 0 = 31*d - 30*d + 522. Let a = -271 - d. Is a composite?
False
Suppose 3*d = -6*j + 11*j + 156483, 0 = 2*j + 6. Is 3/(-2)*(-1 - d/12) prime?
True
Let f be -13*40/(-390)*(-10 + 1). Is ((-34152)/f)/((-10)/(-25)) prime?
False
Let n be (896/24)/((-6)/585). Let t = n + -3838. Is 8/(-24) - t/6 - -1 prime?
False
Let f(j) = -122*j + 37. Let o(z) = -3*z**3 + 7*z - 5. Let u be o(2). Let x be f(u). Let d = 3536 - x. Is d a composite number?
False
Let d = 65 + -34. Let f(u) = -10 + 31*u + d*u - 26 + 11. Is f(12) prime?
True
Let n(f) = -f**2 + 22*f + 28. Let b be n(24). Let r(v) = 20*v**2 - 9*v - 33. Is r(b) prime?
True
Let o(c) = c**3 - 17*c**2 + 29*c + 20. Let z be o(15). Let q be (-2)/(27/z + -5). Is (3 - 4)*10495/q composite?
False
Let x(i) = 92*i**3 + 6*i**2 + 2*i - 7. Let k be x(-4). Let g = -4629 + k. Is (40/15)/(-8) + g/(-6) prime?
False
Is 21/(-14)*1/(-3)*(39 - -1084055) prime?
False
Is ((-86)/(-8))/(10/14748) - 56/560 a composite number?
True
Let w(t) = 2*t**3 - 2*t**2 + 28*t + 16. Let g(v) = 2*v**3 - v + 1. Let i(z) = g(z) + w(z). Is i(8) a prime number?
True
Let q = 396529 + 427494. Is q composite?
True
Suppose -s + 6*s + 60 = 0. Let i be ((-6884)/s)/((-1)/(-3)). Suppose -i = -2*q + q. Is q a prime number?
True
Suppose -10*h - 36028 = 8062. Let z = 21638 + h. Is z a prime number?
False
Let h = 125055 - -25022. Is h a composite number?
False
Suppose 97*q - 3428139 - 3821578 = 3218814. Is q prime?
True
Is (-49869528)/(-627) + (3/11 - 0) prime?
True
Suppose 4*n = 4*h - 8, 2*n - 16 - 15 = -5*h. Suppose -n*b = 9*b - 29940. Is b composite?
True
Suppose 0 = -20*z + 24*z - 16. Suppose -5*a + 6573 = z*i + 1044, 0 = 4*a - 4. Is i a prime number?
True
Let i(g) = g**2 - 72*g - 1362. Is i(-53) a prime number?
False
Suppose -5*t - 32 - 8 = 0. Let p be t*1/(-2) - 34. Is (-1 - (-1)/3)/(p/35865) a prime number?
True
Let y = -230123 + 325672. Is y prime?
True
Suppose -u - d + 5 = -19, -8 = 4*d. Suppose -l = -s + 14375, u*l - 25*l - 14367 = -s. Is s a prime number?
False
Let q(b) = -b**2 + 6*b + 56. Let l be q(-5). Let y(a) = 6267*a**3 - 2*a**2 + 5*a - 3. Is y(l) a composite number?
True
Let y(t) = 13*t**2 - t. Suppose 3*a - 13 - 5 = c, a - 6 = c. Let o be y(a). Let k = o - 169. Is k composite?
False
Suppose 2*p - 5*k - 8046 = 73118, -p - 5*k = -40567. Is p prime?
True
Let n be (-14)/(-56) + 39758/8. Suppose 7*l = 2*l + n. Suppose l = 13*o - 11*o. Is o a composite number?
True
Let z(j) = 1082*j**2 - 11*j + 8 + 8*j + 4*j. Is z(-3) composite?
False
Let h = 215732 + -30373. Is h composite?
False
Suppose -a - 1858 = 2*m - m, 5572 = -3*m - 4*a. Let u be (12 - -3)/(-5) - m. Suppose 360 - u = -i. Is i prime?
False
Let k(r) = -9*r + 23. Let v be k(3). Let l = 18 + -21. Is l/((-9)/(-1437))*(v + 3) composite?
False
Is -3607*6/(6/(-1)) composite?
False
Let n(b) = 89*b**2 - 6*b + 20. Let x be 0 + -17 - 424/(-53). Is n(x) a composite number?
False
Suppose 8452*h = 8389*h + 86522121. Is h a composite number?
True
Suppose 35*f - 18 = 26*f. Suppose 2*d - f*a = 16800, 0 = -4*d + 42*a - 40*a + 33604. Is d prime?
False
Let s = 9 + -6. Suppose -s*t = -7*t - 76. Let x = t - -222. Is x composite?
True
Suppose 0 = 5*t - 3*c - 19, 4*t - 2 = -2*c - 0*c. Suppose -3*f - 2*m = -19, -t = f - 8*m + 7*m. Suppose -2*o + 65 = -o + f*n, 4*o - 204 = 2*n. Is o prime?
True
Suppose -6*t - 7336 = 10652. Let r = t - -4257. Is r a prime number?
True
Let s(p) = -2*p**2 + 17*p + 33. Let v be s(10). Suppose 4*n - 54670 = v*j, 9*n + 27342 = 11*n + 2*j. Is n prime?
True
Let h be (7 + -3)*(-10)/(-8). Suppose -5*f = -2*f + 5*l - 15629, -h*f - 2*l + 26061 = 0. Is f composite?
True
Suppose -3*k - 5 = t, k + 0*k + 19 = 4*t. Let f be (730/8)/((-11)/44). Is (-10)/15 + f/k a prime number?
False
Let i(s) = 435*s**2 + 260*s + 4706. Is i(-17) a composite number?
False
Suppose -8*z + 17 + 47 = 0. Suppose 2*p = -z*p. Suppose -2*j + 3155 = 3*j + 2*i, -4*j + i + 2524 = p. Is j composite?
False
Let z(q) = 137*q + 71. Let n be z(-13). Let p = 5357 - n. Is p a prime number?
False
Let j = 358128 + -210535. Is j composite?
True
Let a = 263 - 261. Suppose -44262 = -a*l - 5*i, 3*i + 2*i = -4*l + 88544. Is l a composite number?
True
Suppose -4*i - 10 = 2*t, -4*t = -0*i + 5*i + 11. Is 21350/5 - (5 - 7) - t prime?
True
Suppose 5*o + 4*n = 105, 0 = -2*o + 5*n - 0*n + 75. Let d(j) = 14*j + 19*j - o*j - 4*j**2 + 14 - 3*j**3. Is d(-5) prime?
False
Let v(o) = o**3 + 30*o**2 + 22*o + 30. Suppose -6*u - 75 = -3*u. Is v(u) composite?
True
Suppose 28*s - 2638406 = 1484678. Is s a prime number?
True
Let y be -1 - ((-1 - (0 + -64)) + 1). Is 9242/(-8)*(y - -61) composite?
False
Let o be ((-3)/(-2))/((-6)/(-8)). Let g be ((-468)/(-48))/((-2382)/1200 - -2). Suppose o*b - g = 1472. Is b a composite number?
False
Let s(h) = 2*h + 10. Let p be s(-2). Let w be ((-6)/45*9)/(p/(-15)). Suppose 4*r + 2*k = 6252, -5*r + 9447 = w*k + 1634. Is r prime?
False
Is (3276/35 - 35)/(188/(-190) - -1) a composite number?
True
Suppose 27 = 4*o - o. Let i be (-2 + 3)/(o/8604). Suppose 4*x - 1015 - i = 3*b, -5*x - 3*b = -2430. Is x composite?
True
Let p be 1*(-6)/(-21) - (-568)/(-28). Let f = p + 39. Is f composite?
False
Let c(r) = -r**3 - 4*r**2 + 6*r - 32. Let d be c(-6). Is (-2 - -8821 - 2)*d/12 a prime number?
True
Let o be 3/(-6) - 35/(-2). Suppose o*m - 9*m = -64. Is m/32 - 6426/(-8) a prime number?
False
Let f = -10 - -15. Suppose -f*m = 5*w - 470 - 995, 0 = -4*m + 4*w + 1164. Suppose -u = -m + 91. Is u a composite number?
True
Is ((-348)/(-435))/(3/7324585)*(-15)/(-20) composite?
False
Let j be 13660/(-40)*(3 + -1)*-2. Suppose -3*b + 4693 - j = 0. Is b a prime number?
True
Let s = 133219 + -64122. Is s prime?
False
Let o(w) be the third derivative of w**5/15 + w**4 - 101*w**3/6 + 16*w**2. Is o(31) a prime number?
False
Suppose -14 = -2*h + 4*v, 0*h - v = -3*h + 11. Let i(y) = h + 3*y**2 - 2*y**2 + y**3 - 10*y**2 - 2*y. Is i(11) prime?
True
Let d = 152626 - 103205. Is d a composite number?
True
Let l(z) be the third derivative of z**4/12 + 5165*z**3/6 + 10*z**2. Let r be l(0). Suppose -3*g + r - 752 = 0. Is g prime?
True
Let z(b) = 34*b**2 - 42*b + 15. Let s(x) = -33*x**2 + 39*x - 16. Let w(a) = -4*s(a) - 3*z(a). Is w(12) composite?
True
Let p be -34*(0 - 3/(-18)*-3). Suppose 0 = 22*i - p*i + 3680. Let m = i + 1059. Is m prime?
False
Suppose d = -4*d - 5*r + 5, -37 = -2*d + 5*r. Suppose 0 = -d*n - n. Suppose 3*z = -2*w - n*z + 1070, -4*w = -2*z - 2108. Is w a prime number?
False
Is (9 - 120/16)*(2 - 228660/(-9)) a prime number?
True
Let g(y) = -y**3 - 3*y**2 + 9*y - 21. Let f be g(-16). Let d = -1753 + f. Let k = d - 557. Is k prime?
True
Suppose -199*a + 8488351 = -10623808. Is a a prime number?
False
Let c be (-121)/(-1 - 1/(-2)). Suppose -2*y - 8 = 0, -217*y = -3*j - 219*y - 380. Let k = j + c. Is k a prime number?
False
Suppose -20*w = 4668755 - 17859655. Is w a prime number?
False
Let o(h) = -15*h**3 - 50*h**2 - 38*h + 119. Is o(-24) a prime number?
True
Let h = 783684 + -451291. Is h a prime number?
True
Let u(r) = 26838*r - 49. Let n be u(2). Suppose 80388 = 3*x - 3*t, -21*t = 2*x - 16*t - n. Is x a composite number?
False
Let u(d) = d**3 - 15*d**2 + 4*d + 24. Let n be u(15). Let w = n + -80. Suppose 4*p = 3*v - 3301, v - w*p = 850 + 253. Is v a prime number?
False
Let x(o) be the second derivative of 13*o**5/20 - o**4/6 + 25*o**3/6 - 5*o**2/2 - o - 6. Is x(7) prime?
False
Let v be (27/12)/(3 - 21/8). Let r = v - 2. Suppose 0 = -r*n + 2*u + 2806, -6*n + 4*n = u - 1401. Is n a prime number?
True
Let i(k) = -34*k - 17. Let y(h) = 15*h + 86. Let j be y(-6). Is i(j) a prime number?
Fal